{"id":835,"date":"2022-07-07T08:54:58","date_gmt":"2022-07-07T06:54:58","guid":{"rendered":"https:\/\/gitesdelanvoran.fr\/die-bucht-von-audierne\/"},"modified":"2022-09-05T13:13:15","modified_gmt":"2022-09-05T11:13:15","slug":"die-bucht-von-audierne","status":"publish","type":"page","link":"https:\/\/gitesdelanvoran.fr\/de\/die-bucht-von-audierne\/","title":{"rendered":"Die Bucht von Audierne"},"content":{"rendered":"\t\t<div data-elementor-type=\"wp-page\" data-elementor-id=\"835\" class=\"elementor elementor-835 elementor-33\" data-elementor-post-type=\"page\">\n\t\t\t\t\t\t<section class=\"elementor-section elementor-top-section elementor-element elementor-element-4b91b63 elementor-section-full_width elementor-section-height-default elementor-section-height-default\" data-id=\"4b91b63\" data-element_type=\"section\" data-e-type=\"section\">\n\t\t\t\t\t\t<div class=\"elementor-container elementor-column-gap-default\">\n\t\t\t\t\t<div class=\"elementor-column elementor-col-100 elementor-top-column elementor-element elementor-element-2a45e500\" data-id=\"2a45e500\" data-element_type=\"column\" data-e-type=\"column\">\n\t\t\t<div class=\"elementor-widget-wrap elementor-element-populated\">\n\t\t\t\t\t\t<div class=\"elementor-element elementor-element-36b9498 elementor-widget elementor-widget-video\" data-id=\"36b9498\" data-element_type=\"widget\" data-e-type=\"widget\" data-settings=\"{&quot;youtube_url&quot;:&quot;https:\\\/\\\/www.youtube.com\\\/watch?v=Dh79zwhPC6Q&quot;,&quot;start&quot;:72,&quot;autoplay&quot;:&quot;yes&quot;,&quot;mute&quot;:&quot;yes&quot;,&quot;lazy_load&quot;:&quot;yes&quot;,&quot;video_type&quot;:&quot;youtube&quot;,&quot;controls&quot;:&quot;yes&quot;}\" data-widget_type=\"video.default\">\n\t\t\t\t<div class=\"elementor-widget-container\">\n\t\t\t\t\t\t\t<div class=\"elementor-wrapper elementor-open-inline\">\n\t\t\t<div class=\"elementor-video\"><\/div>\t\t<\/div>\n\t\t\t\t\t\t<\/div>\n\t\t\t\t<\/div>\n\t\t\t\t\t<\/div>\n\t\t<\/div>\n\t\t\t\t\t<\/div>\n\t\t<\/section>\n\t\t\t\t<section class=\"elementor-section elementor-top-section elementor-element elementor-element-4bd1f9d4 elementor-section-boxed elementor-section-height-default elementor-section-height-default\" data-id=\"4bd1f9d4\" data-element_type=\"section\" data-e-type=\"section\" data-settings=\"{&quot;background_background&quot;:&quot;classic&quot;}\">\n\t\t\t\t\t\t<div class=\"elementor-container elementor-column-gap-default\">\n\t\t\t\t\t<div class=\"elementor-column elementor-col-33 elementor-top-column elementor-element elementor-element-6cd81369\" data-id=\"6cd81369\" data-element_type=\"column\" data-e-type=\"column\">\n\t\t\t<div class=\"elementor-widget-wrap elementor-element-populated\">\n\t\t\t\t\t\t<div class=\"elementor-element elementor-element-620a6980 elementor-widget elementor-widget-heading\" data-id=\"620a6980\" data-element_type=\"widget\" data-e-type=\"widget\" data-widget_type=\"heading.default\">\n\t\t\t\t<div class=\"elementor-widget-container\">\n\t\t\t\t\t<h2 class=\"elementor-heading-title elementor-size-default\">Im Herzen der Bucht von Audierne<\/h2>\t\t\t\t<\/div>\n\t\t\t\t<\/div>\n\t\t\t\t<div class=\"elementor-element elementor-element-37d79d6a elementor-widget-divider--view-line elementor-widget elementor-widget-divider\" data-id=\"37d79d6a\" data-element_type=\"widget\" data-e-type=\"widget\" data-widget_type=\"divider.default\">\n\t\t\t\t<div class=\"elementor-widget-container\">\n\t\t\t\t\t\t\t<div class=\"elementor-divider\">\n\t\t\t<span class=\"elementor-divider-separator\">\n\t\t\t\t\t\t<\/span>\n\t\t<\/div>\n\t\t\t\t\t\t<\/div>\n\t\t\t\t<\/div>\n\t\t\t\t\t<\/div>\n\t\t<\/div>\n\t\t\t\t<div class=\"elementor-column elementor-col-66 elementor-top-column elementor-element elementor-element-77480224\" data-id=\"77480224\" data-element_type=\"column\" data-e-type=\"column\" data-settings=\"{&quot;background_background&quot;:&quot;classic&quot;}\">\n\t\t\t<div class=\"elementor-widget-wrap elementor-element-populated\">\n\t\t\t\t\t\t<div class=\"elementor-element elementor-element-fa231ad elementor-widget elementor-widget-text-editor\" data-id=\"fa231ad\" data-element_type=\"widget\" data-e-type=\"widget\" data-widget_type=\"text-editor.default\">\n\t\t\t\t<div class=\"elementor-widget-container\">\n\t\t\t\t\t\t\t\t\t<p> <\/p><p>Die Bucht von Audierne zeichnet sich aus durch ihre 10 km lange, kontrastreiche K\u00fcstenlinie mit feinen Sandstr\u00e4nden und D\u00fcnenkette.<\/p><p>Von der <a href=\"https:\/\/www.tourismebretagne.com\/destinations\/les-10-destinations\/quimper-cornouaille\/pointe-de-la-torche-baie-daudierne\/\" target=\"_blank\" rel=\"noopener\">Pointe de la Torche<\/a> bis Penmarc&#8217;h erwartet Sie ein Naturerlebnis am Meer, das Natur und Kulturerbe miteinander verbindet.<\/p><p>Die benachbarten Orte wie <a href=\"https:\/\/www.pointeduraz.com\/\" target=\"_blank\" rel=\"noopener\">die Pointe du Raz<\/a>, <a href=\"https:\/\/www.tourismebretagne.com\/destinations\/les-10-destinations\/quimper-cornouaille\/locronan\/\" target=\"_blank\" rel=\"noopener\">Locronan<\/a>, <a href=\"https:\/\/www.tourismebretagne.com\/destinations\/les-10-destinations\/quimper-cornouaille\/concarneau\/\" target=\"_blank\" rel=\"noopener\">Concarneau<\/a> oder <a href=\"https:\/\/www.tourismebretagne.com\/destinations\/les-10-destinations\/quimper-cornouaille\/douarnenez\/\" target=\"_blank\" rel=\"noopener\">Douarnenez<\/a> laden Sie tags\u00fcber oder abends zu einzigartigen Momenten ein. Etwas weiter drau\u00dfen auf dem Meer k\u00f6nnen Sie die zum UNESCO-Weltkulturerbe geh\u00f6renden <a href=\"https:\/\/www.vedettes-odet.com\/categorie-produit\/iles-glenan\/\" target=\"_blank\" rel=\"noopener\">Iles Gl\u00e9nans<\/a> oder die <a href=\"https:\/\/www.iles-du-ponant.com\/iles\/ile-de-sein\/\" target=\"_blank\" rel=\"noopener\">Ile de Sein<\/a> entdecken.<\/p><h2>Die Str\u00e4nde<\/h2><p>Das Ferienhaus G\u00eete de Lanvoran liegt nur 1,5 km vom Meer und dem <a href=\"https:\/\/www.tourismebretagne.com\/offres\/plage-de-kerrest-plozevet-fr-1981510\/\" target=\"_blank\" rel=\"noopener\">Plage de Kerrest<\/a> entfernt, der auch Plage du Menhir genannt wird.<\/p><p>In der N\u00e4he befinden sich au\u00dferdem die bei Surfern beliebte <a href=\"https:\/\/fr.wikipedia.org\/wiki\/Pointe_de_la_Torche\" target=\"_blank\" rel=\"nofollow noopener\">Pointe de la Torche<\/a> und der feine Sandstrand von Trono\u00ebn. Dieser Ort <a href=\"https:\/\/www.tronoen.net\/le-site-de-tronoen\/\" target=\"_blank\" rel=\"noopener\">Trono\u00ebn<\/a> ist \u00fcbrigens eine sehenswerte historische St\u00e4tte mit Kapelle, Kalvarienberg und Wunderbrunnen.<\/p><p>Etwas weiter s\u00fcdlich entdecken Sie den <a href=\"https:\/\/www.tourismebretagne.com\/offres\/plage-de-kermabec-treguennec-fr-1981540\/\" target=\"_blank\" rel=\"nofollow noopener\">Plage de Kermabec in Tr\u00e9guennec<\/a>. Dieser riesige Strand bietet einen herrlichen 180\u00b0-Blick. Im Hintergrund ist mit der ehemaligen Kiesbrechanlage ein \u00dcberbleibsel vom Bau des Atlantikwalls zu sehen.<\/p><p>Etwa 30 Autominuten entfernt warten zwei weitere unglaubliche Str\u00e4nde auf Sie: der <a href=\"https:\/\/www.destination-paysbigouden.com\/penmarc-h\" target=\"_blank\" rel=\"noopener\">Plage du Steir in Penmach<\/a> ganz im S\u00fcden der Bucht von Audierne und <a href=\"https:\/\/audierne.fr\/aud-esq\/decouvrir-audierne\/plages\/\" target=\"_blank\" rel=\"noopener\">der Grande Plage<\/a> von Audierne.<\/p><h2>Wanderwege<\/h2><div><p>Lanvoran eignet sich wunderbar f\u00fcr Spazierg\u00e4nge, Radtouren und Wanderungen am Meer, insbesondere entlang der <a href=\"http:\/\/www.penmarch.fr\/tourisme\/decouvrir\/les-incontournables\/route-vents-solaires\/\" target=\"_blank\" rel=\"noopener\">Tourismusstra\u00dfe Route du vent solaire<\/a>.<\/p><p><a href=\"http:\/\/www.finisteretourisme.com\/baie-d-audierne\" target=\"_blank\" rel=\"noopener\">Die Bucht von Audierne<\/a> ist ein vom Wind geformtes, empfindliches Naturgebiet. Die Tier- und Pflanzenwelt steht unter dem <a href=\"http:\/\/www.conservatoire-du-littoral.fr\/\" target=\"_blank\" rel=\"noopener\">Schutz des K\u00fcstenschutzamts<\/a>. Ganz besonders sch\u00e4tzen wir diese 3 Wanderwege und Spazierg\u00e4nge:<\/p><\/div><p>&#8211; <a href=\"https:\/\/bretagne.ffrandonnee.fr\/html\/4037\/randonner-sur-le-gr-34\" target=\"_blank\" rel=\"nofollow noopener\">Der ber\u00fchmte GR\u00ae 34<\/a>,<br>&#8211; <a href=\"https:\/\/www.pointeduraz.com\/\" target=\"_blank\" rel=\"nofollow noopener\">Die Pointe du Raz<\/a>,<br>&#8211; <a href=\"https:\/\/www.macornouaille.bzh\/2015\/08\/16\/boucler-la-boucle-a-la-pointe-du-millier\/\" target=\"_blank\" rel=\"noopener\">Die Pointe du Millet<\/a>.<\/p><div dir=\"ltr\"><h2>Museen<\/h2><p>Wenn Sie ein Fan von Museen sind und mehr \u00fcber die lokale Geschichte erfahren m\u00f6chten, bieten sich Ihnen verschiedene M\u00f6glichkeiten:<\/p><p>&#8211; Das <a href=\"https:\/\/musee-breton.finistere.fr\/fr\/\" target=\"_blank\" rel=\"nofollow noopener\">Bretonische Departementsmuseum<\/a> in Quimper,<br>&#8211; Die Fayencerie <a href=\"https:\/\/www.henriot-quimper.com\/fr\/manufacture\/index.php.html\" target=\"_blank\" rel=\"nofollow noopener\">Henriot-Quimper<\/a>,<br>&#8211; Das <a href=\"https:\/\/musee.ville-pontlabbe.bzh\/\" target=\"_blank\" rel=\"noopener\">Bigouden-Museum<\/a> in Pont l&#8217;Abb\u00e9,<br>&#8211; Das <a href=\"https:\/\/www.musee-peche.fr\/\" target=\"_blank\" rel=\"noopener\">Fischereimuseum<\/a> in Concarneau,<br>&#8211; Das <a href=\"https:\/\/www.museedelamiral.com\/\" target=\"_blank\" rel=\"nofollow noopener\">Mus\u00e9e de l&#8217;Amiral<\/a> inPouldreuzic,<br>&#8211; Der <a href=\"https:\/\/douarnenez-tourisme.com\/decouvrir\/patrimoine-et-culture\/patrimoine-maritime\/le-port-musee\/\" target=\"_blank\" rel=\"noopener\">Museumshafen<\/a> in Douarnenez,<br>&#8211; Das <a href=\"http:\/\/www.pont-croix.fr\/musee-du-marquisat\/\" target=\"_blank\" rel=\"nofollow noopener\">Mus\u00e9e du Marquisat<\/a> in Pont-Croix.<\/p><h2>Veranstaltungen<\/h2><div>Das s\u00fcdliche Finist\u00e8re ist eine sehr dynamische Region, in der Sie zahlreiche Veranstaltungen rund um lokale Traditionen besuchen k\u00f6nnen. Hier sind einige der bekanntesten Events:<\/div><div>&#8211; La <a href=\"https:\/\/www.kerlaz.com\/actualites\/le-festival-des-brodeuses\/\" target=\"_blank\" rel=\"noopener\">F\u00eate des Brodeuses<\/a> (Fest der Stickerinnen) in Pont l&#8217;Abb\u00e9 (im Juli),<\/div><div>&#8211; <a href=\"https:\/\/www.festival-cornouaille.bzh\/\" target=\"_blank\" rel=\"noopener\">Das Festival de Cornouaille<\/a> in Quimper (im Juli),<\/div><div>&#8211; <a href=\"https:\/\/www.mondialfolk.org\/\" target=\"_blank\" rel=\"noopener\">Das Festival Mondial Folk<\/a> in Ploz\u00e9vet (im August),<\/div><div>&#8211; <a href=\"https:\/\/www.festivaldesfiletsbleus.bzh\/\" target=\"_blank\" rel=\"noopener\">Das Festival des Filets Bleus<\/a> in Concarneau (im August),<\/div><div>&#8211; <a href=\"https:\/\/www.festival-douarnenez.com\/fr\/\" target=\"_blank\" rel=\"nofollow noopener\">Das Filmfestival <\/a>von Douarnenez (im August),<\/div><div>Nicht zu vergessen: die traditionellen <a href=\"https:\/\/fr.wikipedia.org\/wiki\/Fest-noz\" target=\"_blank\" rel=\"nofollow noopener\">Fest-noz<\/a> (Nachtfeste)!<\/div><p> <\/p><\/div>\t\t\t\t\t\t\t\t<\/div>\n\t\t\t\t<\/div>\n\t\t\t\t\t<\/div>\n\t\t<\/div>\n\t\t\t\t\t<\/div>\n\t\t<\/section>\n\t\t\t\t<\/div>\n\t\t","protected":false},"excerpt":{"rendered":"<p>Im Herzen der Bucht von Audierne Die Bucht von Audierne zeichnet sich aus durch ihre 10 km lange, kontrastreiche K\u00fcstenlinie mit feinen Sandstr\u00e4nden und D\u00fcnenkette. Von der Pointe de la Torche bis Penmarc&#8217;h erwartet Sie ein Naturerlebnis am Meer, das Natur und Kulturerbe miteinander verbindet. Die benachbarten Orte wie die Pointe du Raz, Locronan, Concarneau [&hellip;]<\/p>\n","protected":false},"author":1,"featured_media":0,"parent":0,"menu_order":0,"comment_status":"closed","ping_status":"closed","template":"","meta":{"footnotes":""},"class_list":["post-835","page","type-page","status-publish","hentry"],"_links":{"self":[{"href":"https:\/\/gitesdelanvoran.fr\/de\/wp-json\/wp\/v2\/pages\/835","targetHints":{"allow":["GET"]}}],"collection":[{"href":"https:\/\/gitesdelanvoran.fr\/de\/wp-json\/wp\/v2\/pages"}],"about":[{"href":"https:\/\/gitesdelanvoran.fr\/de\/wp-json\/wp\/v2\/types\/page"}],"author":[{"embeddable":true,"href":"https:\/\/gitesdelanvoran.fr\/de\/wp-json\/wp\/v2\/users\/1"}],"replies":[{"embeddable":true,"href":"https:\/\/gitesdelanvoran.fr\/de\/wp-json\/wp\/v2\/comments?post=835"}],"version-history":[{"count":5,"href":"https:\/\/gitesdelanvoran.fr\/de\/wp-json\/wp\/v2\/pages\/835\/revisions"}],"predecessor-version":[{"id":1311,"href":"https:\/\/gitesdelanvoran.fr\/de\/wp-json\/wp\/v2\/pages\/835\/revisions\/1311"}],"wp:attachment":[{"href":"https:\/\/gitesdelanvoran.fr\/de\/wp-json\/wp\/v2\/media?parent=835"}],"curies":[{"name":"wp","href":"https:\/\/api.w.org\/{rel}","templated":true}]}}

<div data-elementor-type="wp-page" data-elementor-id="835" class="elementor elementor-835 elementor-33" data-elementor-post-type="page">
						<section class="elementor-section elementor-top-section elementor-element elementor-element-4b91b63 elementor-section-full_width elementor-section-height-default elementor-section-height-default" data-id="4b91b63" data-element_type="section" data-e-type="section">
						<div class="elementor-container elementor-column-gap-default">
					<div class="elementor-column elementor-col-100 elementor-top-column elementor-element elementor-element-2a45e500" data-id="2a45e500" data-element_type="column" data-e-type="column">
			<div class="elementor-widget-wrap elementor-element-populated">
						<div class="elementor-element elementor-element-36b9498 elementor-widget elementor-widget-video" data-id="36b9498" data-element_type="widget" data-e-type="widget" data-settings="{&quot;youtube_url&quot;:&quot;https:\/\/www.youtube.com\/watch?v=Dh79zwhPC6Q&quot;,&quot;start&quot;:72,&quot;autoplay&quot;:&quot;yes&quot;,&quot;mute&quot;:&quot;yes&quot;,&quot;lazy_load&quot;:&quot;yes&quot;,&quot;video_type&quot;:&quot;youtube&quot;,&quot;controls&quot;:&quot;yes&quot;}" data-widget_type="video.default">
				<div class="elementor-widget-container">
							<div class="elementor-wrapper elementor-open-inline">
			<div class="elementor-video"></div>		</div>
						</div>
				</div>
					</div>
		</div>
					</div>
		</section>
				<section class="elementor-section elementor-top-section elementor-element elementor-element-4bd1f9d4 elementor-section-boxed elementor-section-height-default elementor-section-height-default" data-id="4bd1f9d4" data-element_type="section" data-e-type="section" data-settings="{&quot;background_background&quot;:&quot;classic&quot;}">
						<div class="elementor-container elementor-column-gap-default">
					<div class="elementor-column elementor-col-33 elementor-top-column elementor-element elementor-element-6cd81369" data-id="6cd81369" data-element_type="column" data-e-type="column">
			<div class="elementor-widget-wrap elementor-element-populated">
						<div class="elementor-element elementor-element-620a6980 elementor-widget elementor-widget-heading" data-id="620a6980" data-element_type="widget" data-e-type="widget" data-widget_type="heading.default">
				<div class="elementor-widget-container">
					<h2 class="elementor-heading-title elementor-size-default">Im Herzen der Bucht von Audierne</h2>				</div>
				</div>
				<div class="elementor-element elementor-element-37d79d6a elementor-widget-divider--view-line elementor-widget elementor-widget-divider" data-id="37d79d6a" data-element_type="widget" data-e-type="widget" data-widget_type="divider.default">
				<div class="elementor-widget-container">
							<div class="elementor-divider">
			<span class="elementor-divider-separator">
						</span>
		</div>
						</div>
				</div>
					</div>
		</div>
				<div class="elementor-column elementor-col-66 elementor-top-column elementor-element elementor-element-77480224" data-id="77480224" data-element_type="column" data-e-type="column" data-settings="{&quot;background_background&quot;:&quot;classic&quot;}">
			<div class="elementor-widget-wrap elementor-element-populated">
						<div class="elementor-element elementor-element-fa231ad elementor-widget elementor-widget-text-editor" data-id="fa231ad" data-element_type="widget" data-e-type="widget" data-widget_type="text-editor.default">
				<div class="elementor-widget-container">
									<p> </p><p>Die Bucht von Audierne zeichnet sich aus durch ihre 10 km lange, kontrastreiche Küstenlinie mit feinen Sandstränden und Dünenkette.</p><p>Von der <a href="https://www.tourismebretagne.com/destinations/les-10-destinations/quimper-cornouaille/pointe-de-la-torche-baie-daudierne/" target="_blank" rel="noopener">Pointe de la Torche</a> bis Penmarc&#8217;h erwartet Sie ein Naturerlebnis am Meer, das Natur und Kulturerbe miteinander verbindet.</p><p>Die benachbarten Orte wie <a href="https://www.pointeduraz.com/" target="_blank" rel="noopener">die Pointe du Raz</a>, <a href="https://www.tourismebretagne.com/destinations/les-10-destinations/quimper-cornouaille/locronan/" target="_blank" rel="noopener">Locronan</a>, <a href="https://www.tourismebretagne.com/destinations/les-10-destinations/quimper-cornouaille/concarneau/" target="_blank" rel="noopener">Concarneau</a> oder <a href="https://www.tourismebretagne.com/destinations/les-10-destinations/quimper-cornouaille/douarnenez/" target="_blank" rel="noopener">Douarnenez</a> laden Sie tagsüber oder abends zu einzigartigen Momenten ein. Etwas weiter draußen auf dem Meer können Sie die zum UNESCO-Weltkulturerbe gehörenden <a href="https://www.vedettes-odet.com/categorie-produit/iles-glenan/" target="_blank" rel="noopener">Iles Glénans</a> oder die <a href="https://www.iles-du-ponant.com/iles/ile-de-sein/" target="_blank" rel="noopener">Ile de Sein</a> entdecken.</p><h2>Die Strände</h2><p>Das Ferienhaus Gîte de Lanvoran liegt nur 1,5 km vom Meer und dem <a href="https://www.tourismebretagne.com/offres/plage-de-kerrest-plozevet-fr-1981510/" target="_blank" rel="noopener">Plage de Kerrest</a> entfernt, der auch Plage du Menhir genannt wird.</p><p>In der Nähe befinden sich außerdem die bei Surfern beliebte <a href="https://fr.wikipedia.org/wiki/Pointe_de_la_Torche" target="_blank" rel="nofollow noopener">Pointe de la Torche</a> und der feine Sandstrand von Tronoën. Dieser Ort <a href="https://www.tronoen.net/le-site-de-tronoen/" target="_blank" rel="noopener">Tronoën</a> ist übrigens eine sehenswerte historische Stätte mit Kapelle, Kalvarienberg und Wunderbrunnen.</p><p>Etwas weiter südlich entdecken Sie den <a href="https://www.tourismebretagne.com/offres/plage-de-kermabec-treguennec-fr-1981540/" target="_blank" rel="nofollow noopener">Plage de Kermabec in Tréguennec</a>. Dieser riesige Strand bietet einen herrlichen 180°-Blick. Im Hintergrund ist mit der ehemaligen Kiesbrechanlage ein Überbleibsel vom Bau des Atlantikwalls zu sehen.</p><p>Etwa 30 Autominuten entfernt warten zwei weitere unglaubliche Strände auf Sie: der <a href="https://www.destination-paysbigouden.com/penmarc-h" target="_blank" rel="noopener">Plage du Steir in Penmach</a> ganz im Süden der Bucht von Audierne und <a href="https://audierne.fr/aud-esq/decouvrir-audierne/plages/" target="_blank" rel="noopener">der Grande Plage</a> von Audierne.</p><h2>Wanderwege</h2><div><p>Lanvoran eignet sich wunderbar für Spaziergänge, Radtouren und Wanderungen am Meer, insbesondere entlang der <a href="http://www.penmarch.fr/tourisme/decouvrir/les-incontournables/route-vents-solaires/" target="_blank" rel="noopener">Tourismusstraße Route du vent solaire</a>.</p><p><a href="http://www.finisteretourisme.com/baie-d-audierne" target="_blank" rel="noopener">Die Bucht von Audierne</a> ist ein vom Wind geformtes, empfindliches Naturgebiet. Die Tier- und Pflanzenwelt steht unter dem <a href="http://www.conservatoire-du-littoral.fr/" target="_blank" rel="noopener">Schutz des Küstenschutzamts</a>. Ganz besonders schätzen wir diese 3 Wanderwege und Spaziergänge:</p></div><p>&#8211; <a href="https://bretagne.ffrandonnee.fr/html/4037/randonner-sur-le-gr-34" target="_blank" rel="nofollow noopener">Der berühmte GR® 34</a>,<br>&#8211; <a href="https://www.pointeduraz.com/" target="_blank" rel="nofollow noopener">Die Pointe du Raz</a>,<br>&#8211; <a href="https://www.macornouaille.bzh/2015/08/16/boucler-la-boucle-a-la-pointe-du-millier/" target="_blank" rel="noopener">Die Pointe du Millet</a>.</p><div dir="ltr"><h2>Museen</h2><p>Wenn Sie ein Fan von Museen sind und mehr über die lokale Geschichte erfahren möchten, bieten sich Ihnen verschiedene Möglichkeiten:</p><p>&#8211; Das <a href="https://musee-breton.finistere.fr/fr/" target="_blank" rel="nofollow noopener">Bretonische Departementsmuseum</a> in Quimper,<br>&#8211; Die Fayencerie <a href="https://www.henriot-quimper.com/fr/manufacture/index.php.html" target="_blank" rel="nofollow noopener">Henriot-Quimper</a>,<br>&#8211; Das <a href="https://musee.ville-pontlabbe.bzh/" target="_blank" rel="noopener">Bigouden-Museum</a> in Pont l&#8217;Abbé,<br>&#8211; Das <a href="https://www.musee-peche.fr/" target="_blank" rel="noopener">Fischereimuseum</a> in Concarneau,<br>&#8211; Das <a href="https://www.museedelamiral.com/" target="_blank" rel="nofollow noopener">Musée de l&#8217;Amiral</a> inPouldreuzic,<br>&#8211; Der <a href="https://douarnenez-tourisme.com/decouvrir/patrimoine-et-culture/patrimoine-maritime/le-port-musee/" target="_blank" rel="noopener">Museumshafen</a> in Douarnenez,<br>&#8211; Das <a href="http://www.pont-croix.fr/musee-du-marquisat/" target="_blank" rel="nofollow noopener">Musée du Marquisat</a> in Pont-Croix.</p><h2>Veranstaltungen</h2><div>Das südliche Finistère ist eine sehr dynamische Region, in der Sie zahlreiche Veranstaltungen rund um lokale Traditionen besuchen können. Hier sind einige der bekanntesten Events:</div><div>&#8211; La <a href="https://www.kerlaz.com/actualites/le-festival-des-brodeuses/" target="_blank" rel="noopener">Fête des Brodeuses</a> (Fest der Stickerinnen) in Pont l&#8217;Abbé (im Juli),</div><div>&#8211; <a href="https://www.festival-cornouaille.bzh/" target="_blank" rel="noopener">Das Festival de Cornouaille</a> in Quimper (im Juli),</div><div>&#8211; <a href="https://www.mondialfolk.org/" target="_blank" rel="noopener">Das Festival Mondial Folk</a> in Plozévet (im August),</div><div>&#8211; <a href="https://www.festivaldesfiletsbleus.bzh/" target="_blank" rel="noopener">Das Festival des Filets Bleus</a> in Concarneau (im August),</div><div>&#8211; <a href="https://www.festival-douarnenez.com/fr/" target="_blank" rel="nofollow noopener">Das Filmfestival </a>von Douarnenez (im August),</div><div>Nicht zu vergessen: die traditionellen <a href="https://fr.wikipedia.org/wiki/Fest-noz" target="_blank" rel="nofollow noopener">Fest-noz</a> (Nachtfeste)!</div><p> </p></div>								</div>
				</div>
					</div>
		</div>
					</div>
		</section>
				</div>

<p>Im Herzen der Bucht von Audierne Die Bucht von Audierne zeichnet sich aus durch ihre 10 km lange, kontrastreiche Küstenlinie mit feinen Sandstränden und Dünenkette. Von der Pointe de la Torche bis Penmarc&#8217;h erwartet Sie ein Naturerlebnis am Meer, das Natur und Kulturerbe miteinander verbindet. Die benachbarten Orte wie die Pointe du Raz, Locronan, Concarneau [&hellip;]</p>
